Let z(u) = c*h(u) - 4*q(u). What is z(p)?
-4
Let o(g) = -2*g + 9 + 0 + 6*g - 3*g. Give o(-8).
1
Let d(o) = o**3 + o**2 + 1. Let j = 6 - 5. Let g be 2 - 2 - 0/2. Let p be g*(-1)/j*1. Determine d(p).
1
Let w(n) = -8*n + 5. Let q(s) = -11*s + 7. Let k(h) = 5*q(h) - 7*w(h). Calculate k(-7).
-7
Let x(j) = -2*j + 7. Let f be x(6). Suppose -6 = -4*q + 2*q. Let k(h) = 27*h**q - 2 + h**2 + 4*h - 28*h**3 - 5*h**2. Calculate k(f).
3
Let z(n) = -5*n**3 - 12*n**2 - 6*n - 9. Let t(x) = x**3 + x**2 + x + 1. Let h(s) = -6*t(s) - z(s). Determine h(6).
3
Suppose 3*p + 2*v = 6*v - 8, 0 = 5*p + 2*v - 4. Let k(f) = -f + 6 - 1 + 2*f + f**2. Give k(p).
5
Let i(v) = -1 + v + v + 3*v**2 + v**3 + 3. Suppose 0*l = -j + 5*l - 27, 3*j = -l - 1. Calculate i(j).
2
Let o(f) = f**3 + f**2 + f + 5. Let c = -11 - -29. Let g(q) = -q - q**3 + 4*q**2 + 0*q + c - 14. Let i be g(4). What is o(i)?
5
Let y(g) = -g**2 - 4*g - 2. Suppose 6*c + 20 = 2*c. What is y(c)?
-7
Let k(f) = -28*f**3 + f**2 - f - 1. Let l be k(-1). Let v = l + -25. Let p(c) = -c**2 + 4*c + 3. What is p(v)?
3
Let a be (-15)/2 + 1/(-2). Let c(t) = 2*t + 5*t - 6*t - 4*t**2 + 11 + 13*t**2 + t**3 + 9*t. Calculate c(a).
-5
Let g(x) = 6*x**3 + 3*x + 2. Let j be g(-1). Let c(l) = l**3 + 6*l**2 - 9*l. Calculate c(j).
14
Let l(c) = c**2 + c - 1. Let p(n) = -n**2 - 2*n + 6. Let o(f) = 5*l(f) + p(f). Calculate o(-2).
11
Let r = 6 + -9. Let n(b) = b + 1. Let z = -9 - -8. Let o(l) = l**3 + 4*l**2 + 10*l + 9. Let h(m) = z*o(m) + 5*n(m). Calculate h(r).
2
Let q(j) = j**3 - 13*j**2 + 13*j - 18. Let o be q(12). Let i(r) = -r**3 - 7*r**2 - 5*r + 5. Give i(o).
-1
Let o(i) = -17*i - 12. Let u(t) = -9*t - 6. Let z(w) = -6*o(w) + 11*u(w). What is z(-5)?
-9
Let i(w) = -1 + 4*w**2 - 4*w - 3*w**2 - w. Let j = -21 + 26. Give i(j).
-1
Let i be 1/(-1) - (-1 - 2). Let q(z) = z**2 + z - 1. Let o be q(-3). Let k(y) = -2*y + 2*y - 7*y + o*y. Give k(i).
-4
Let o(f) = -8*f**2 - 2*f + 1. Let c(r) = -r + 14. Let m be c(13). What is o(m)?
-9
Let k(p) be the second derivative of 3*p**5/10 + p**4/6 - p**2/2 - 4*p. What is k(-1)?
-5
Let c = 56 - 67. Let y(u) = -u**2 - 11*u - 9. Calculate y(c).
-9
Let y(k) be the first derivative of -1/2*k**2 - 6*k - 1/3*k**3 + 2 - 1/4*k**4. What is y(0)?
-6
Let n(q) = q**3 - q**2 - 3 + q**2 - 4*q + 2*q. What is n(-2)?
-7
Let h(p) = -p**3 + 5*p**2. Let f(u) = 5*u. Let x be f(1). Give h(x).
0
Let l(p) be the third derivative of p**9/60480 - p**8/10080 - p**7/1680 + p**6/720 + 2*p**5/15 + p**2. Let v(t) be the third derivative of l(t). What is v(3)?
1
Suppose -3*t - 3*z = -12, 5*t + 9 = -4*z + 25. Let b(a) be the first derivative of 3*a**3 + t*a + 1/2*a**2 + 2. What is b(1)?
10
Let t(v) = v**3 + 5*v**2 - v - 6. Suppose 0 = 5*s - 15 - 60. Let o be (-2)/6 - (-50)/s. Let z be ((-5)/o)/((-2)/(-6)). Determine t(z).
-1
Let v = 6 - 4. Suppose 4*y - 2 = 3*b - 3, 10 = 2*y + v*b. Let q(n) = -2*n**2 - y + 3*n + 4*n - 3. Calculate q(4).
-9
Let j(k) = -k - 3. Let t(a) = a**2 - 4*a - 10. Let u be t(5). Calculate j(u).
2
Let n be ((-1)/2)/(1/(-4)). Let a(p) = p + p**2 + 1 - p + p - n. Let l(s) = 4*s**2 - 3. Let m(k) = -2*a(k) + l(k). Calculate m(2).
3
Let z(w) = 6*w - 9. Let y(a) = -7*a + 10. Let g(v) = 4*y(v) + 5*z(v). Calculate g(5).
5
Let s(q) be the second derivative of -q**4/6 + q**3 - 3*q**2/2 + 2*q - 9. Calculate s(4).
-11
Let k be (2 + (-8)/6)*(-36)/4. Let f(v) = -v**3 - 6*v**2 + 4*v + 9. Calculate f(k).
-15
Let b(j) be the first derivative of 5/2*j**2 - 1 + j**3 - 4*j - 1/4*j**4. Calculate b(4).
0
Suppose 3*j + 3 = -0*j. Let x(z) = 2*z. Give x(j).
-2
Let a(g) = -6*g**3 - 9*g**2 - g - 2. Let x(n) = 5*n**3 + 8*n**2 + n + 1. Suppose 20 = -6*l + 2*l. Let t(f) = l*x(f) - 4*a(f). Determine t(-4).
7
Let l(p) = 33*p - 13*p + 1 + p**2 - 15*p. Give l(-4).
-3
Let y(t) = t**2 + t + 1. Let d = 34 + -35. What is y(d)?
1
Let f = 5/3 - 1/6. Let h(o) be the first derivative of -2 + f*o**2 - 3*o - 1/3*o**3. Determine h(2).
-1
Let i(z) = -2*z - 1. Let y = -21 + 19. Give i(y).
3
Let r(d) = d + 6. Let j(w) = -3*w**2 + 15*w - 3. Let v be j(5). Determine r(v).
3
Let t(g) be the first derivative of g**3/3 + g**2 + 2*g + 1. Let z = -32 - -30. Give t(z).
2
Suppose -5*u - 14 = -4, 2*u = 3*l - 19. Let p(y) = y**3 - 6*y**2 + 8*y - 3. Calculate p(l).
12
Suppose -4*c - t - 3*t - 4 = 0, 5 = -c - 3*t. Let q(d) be the first derivative of -d**2/2 + d - 2. Let a be q(c). Let o(z) = -z**3 + z**2 - 8. What is o(a)?
-8
Let l(c) = c**2 + 8*c + 3. Let t(i) = 7 - i + i**2 + 0*i + 0*i**2 - 7*i. Let g be t(6). What is l(g)?
-12
Let k(g) be the first derivative of -g**3 - 2 - 1/4*g**4 - 5*g + 1/2*g**2. Determine k(-4).
7
Let j = 25 + -91. Let b be (-6)/15 - j/15. Let w(m) = 7*m + 1. Let t(p) = 6*p + 1. Let g(y) = -5*t(y) + 4*w(y). Determine g(b).
-9
Let g(h) = 4*h**2 - 1. Let t be g(-1). Let w(r) = -2*r + 4. Calculate w(t).
-2
Let r(w) = -w + 0*w + 1 + 3*w + 2*w**2 + 6*w**3. Let a be 1 + -8 + 2 - -2. Let k = 2 + a. Give r(k).
-5
Let t(j) be the third derivative of 5/24*j**4 + 0*j + 6*j**2 - 4/3*j**3 - 1/12*j**5 + 0 - 1/120*j**6. Calculate t(-6).
-2
Let i(f) be the second derivative of f**5/20 - 7*f**4/12 - 4*f**3/3 + 3*f**2 + 13*f. Give i(8).
6
Let r(c) = 3*c**2 + 2*c - 4. Let b be r(-4). Suppose -5*y + 4*n = b, -2*y - 5*n - 3 = -15. Let w(j) = -j**2 - 6*j - 5. Determine w(y).
3
Let r(h) = 1 + 7 - h**2 + h - 4. Determine r(-4).
-16
Let l = 45 + -42. Let r(t) = t**3 - 4*t**2 + 4*t - 2. Give r(l).
1
Let p be (6/4)/((-3)/(-4)). Let v(s) be the third derivative of -s**5/30 - s**3/6 - 22*s**2. Calculate v(p).
-9
Let i be (-2)/7 - 141/21. Let h(x) be the first derivative of x**4/12 + x**3 - 3*x**2/2 - 8*x + 1. Let s(f) be the first derivative of h(f). What is s(i)?
4
Let w be 5*(2 + -5 - -1). Let s be 3/(-15) - 12/w. Let j(x) = 2*x**2 + x - 1. Give j(s).
2
Let k(c) = c**3 - 3*c**2 + c + 1. Let w = 9 - 7. What is k(w)?
-1
Let k(w) be the second derivative of w**3/6 - w**2 - 13*w. Give k(4).
2
Let g(r) = r**2 + 2*r + 3. Let f(d) = -3*d**2 - 5*d - 6. Let m(b) = 2*f(b) + 5*g(b). Suppose 3*s + 4*o = 11, 4*o - 1 - 7 = -4*s. Determine m(s).
-6
Let d be 1*-2 - (2 + -9). Suppose -5*b = 5*l + 20, d = -0*l + 5*l. Let q(s) = 2*s - 1. Determine q(b).
-11
Let t(g) = -4*g + 4*g - 1 - 6*g - 7*g. Calculate t(-1).
12
Let z(p) = -11*p**3 + p**2 - p. Let m = 23 - 22. What is z(m)?
-11
Let p(s) = 6 + 4*s - s**2 - 11*s + 5*s**2 - 3*s**2. What is p(4)?
-6
Let p(o) = -5*o - 3. Suppose 3*m - 9 = 4*t, -2*t - 3*m - 6 = 3. Calculate p(t).
12
Let v = -6 - -5. Let w be v - -1 - (-5 - -2). Let t(q) = -q**2 - 1. Let d(x) = 8*x**2 - 4*x + 6. Let n(j) = -d(j) - 6*t(j). What is n(w)?
-6
Let r(p) be the second derivative of p**4/12 + 9*p. What is r(-3)?
9
Let l(n) be the first derivative of n**2 - n + 29. Determine l(-4).
-9
Suppose 4*v = 2*r + 24, -v + r = 4*v - 24. Suppose -v*w + 2*w - z + 3 = 0, 0 = -2*w - 2*z. Let q(n) = 4*n - 4*n - w + n. Determine q(6).
3
Let h(s) = s**2 - 7*s - 2. Let z(b) = 2*b**2 - 13*b - 5. Let l(u) = -5*h(u) + 3*z(u). Give l(5).
0
Let h = 90 + -92. Let z(t) = t**2 + 2*t - 1. Calculate z(h).
-1
Suppose -4*t + 13 = -3. Suppose 12 = l + 2*l. Let q(u) = -2*u - 1 - 2*u + u**2 - l. Determine q(t).
-5
Suppose -5*j + 2 = -13. Suppose 1 = z - j. Let h(o) = -o**3 + 6*o**2 - 7*o + 4. What is h(z)?
8
Let p(g) = g + 7. Let x = 9 + -6. Suppose b = -3*b - 3*r + 12, 20 = x*b + 5*r. Give p(b).
7
Let b = -11 - -5. Let g(t) = t + 6. Determine g(b).
0
Let r(y) be the third derivative of y**2 + 0*y + 1/24*y**4 + 0 + 1/2*y**3 - 1/60*y**5. Give r(0).
3
Let c(d) be the first derivative of -1/4*d**4 - 2*d**2 - 2*d + 2 - 2/3*d**3. Suppose -5*v + 3*i - 4 = 0, 0 = 2*v - 6*v - 2*i - 12. Calculate c(v).
6
Let a(p) = -2*p + 1. Let l(n) = 5*n - 4. Let t(y) = 11*a(y) + 4*l(y). Let c(u) = -u**2 - 6*u - 5. Let v be c(-4). Suppose 0 = -v*o - 7 - 5. Give t(o).
3
Let t(c) = -63*c**2 + 22*c**2 + 19*c**2 + 23*c**2 - 8*c - 1. Determine t(8).
-1
Let j = -2 - -1. Let a(q) = -12*q + 3*q + 2 + 10*q. Calculate a(j).
1
Let z(p) = p**2 - 4*p - 10. Let y(g) = -g + 1. Let d(t) = 5*y(t) - z(t). Determine d(0).
15
Let b(a) = -2*a - 1. Let q = -162 - -160. Determine b(q).
3
Let z(t) = 5*t - 8. Let k(u) = 4*u - 8. Let o(l) = -6*k(l) + 5*z(l). Let d be o(-6). Let c(n) = -5 + 3 - 4*n + d*n**2 + 5*n - 3*n**2. Give c(0).
-2
Let u(l) be the